inder when 199 is divided by d.
10
Suppose 4*a - 4 = 6*a. What is the remainder when 8/(-32)*(a - 50) is divided by 5?
3
Suppose 4*c = 532 + 564. Calculate the remainder when c is divided by 92.
90
Let g = -12 + 227. Calculate the remainder when g is divided by 38.
25
Suppose -b - 19 = -7*v + 2*v, -4 = b. Suppose -v*u = -36 + 6. Calculate the remainder when u is divided by 4.
2
Suppose -3*b + 4*b + 6 = 0. Suppose -2*z + 2*t = -4*z + 12, -17 = -2*z + 3*t. Calculate the remainder when (b/3)/(14/(-231)) is divided by z.
5
Suppose 1099 = 8*p - 1045. Suppose 53*b = 49*b + p. Suppose -3*a + 9 = -33. Calculate the remainder when b is divided by a.
11
Suppose 0*x + 37 = x. Suppose 2*r = -3*k + 4*k - 18, 4*k - r - x = 0. Calculate the remainder when (18 - 9)*((-13)/(-3) + -1) is divided by k.
6
Let s(k) = k**3 - 8*k**2 + 16*k + 3. What is the remainder when 78 is divided by s(6)?
24
Let t = 69 + -16. Let z = t - 35. What is the remainder when 55 is divided by 1/(-6) + 255/z?
13
Let r(y) = y**3 - y + 11. Suppose -23 - 487 = -17*d. What is the remainder when d is divided by r(0)?
8
Suppose -20*g + 647 = -453. Calculate the remainder when g is divided by 11.
0
Suppose -19 = -2*t + 5*h, 0 = 5*h + 17 - 2. Suppose 2*v = -5*k + 319, -5*k + v + t*v = -334. Suppose 51 = 2*l + l. What is the remainder when k is divided by l?
14
Let s(q) = q**2 + 7*q - 8. Let k be s(-8). Suppose 5 = -2*j - 3, m - 5*j - 89 = k. What is the remainder when m is divided by 24?
21
Let v(g) = -64*g - 16. Calculate the remainder when v(-1) is divided by 15.
3
Let g(j) = -j**3 + 16*j**2 + 19*j - 16. Suppose 3*w - 5*n - 95 = 138, 5*n = -4*w + 264. Calculate the remainder when w is divided by g(17).
17
Let h = 153 + -88. Let l = 12 - -5. What is the remainder when h is divided by l?
14
Suppose 4*o = -4*b - 0*o - 4, -8 = 3*b + 2*o. Suppose -g + 15 = 2*w, w + 12 = 5*w. What is the remainder when g is divided by (63/(-7))/(9/b)?
3
Suppose 19*l + 3*r = 14*l + 4208, 0 = -4*l - r + 3372. Calculate the remainder when l is divided by 18.
16
Let g(z) = -21*z**3 - 3*z - 2. Let n be g(-1). Calculate the remainder when (4 - 1) + -2 - -73 is divided by 211/11 + (-4)/n.
17
Suppose -430 = -177*k + 167*k. Suppose 9 = -g + 18. Calculate the remainder when k is divided by g.
7
Suppose -8*b + 250 = 34. Calculate the remainder when 134 is divided by b.
26
Suppose t + 3 - 11 = 0. Calculate the remainder when (-19 + (-99)/(-6))/(2/(-12)) is divided by t.
7
Suppose -33 = -5*v - y + 27, v + 4*y = -7. Suppose 4*h - 88 = -2*n, 4*h + 0*n - 88 = 5*n. Calculate the remainder when h is divided by v.
9
Let u(d) = 181*d + 3827. Let i(t) = -76*t - 2. Let k be i(2). What is the remainder when ((-1)/(-2))/((-1)/k) is divided by u(-21)?
25
Let w(a) = 1 + 14*a + 2 - 8*a + 13*a. What is the remainder when w(4) is divided by 27?
25
Suppose u + t + 33 = 0, -u - 4*t + 28 = -2*u. What is the remainder when 22 is divided by (11/(-12) + (-8)/u)*-21?
8
Suppose -27 + 230 = 7*u. Let l(v) = 3*v**3 - 2*v**2 + 3*v. Let d be l(5). Suppose 0 = 4*h - 0*h - d. Calculate the remainder when h is divided by u.
27
Let p be 76/(-13) - (-10)/(-65). Calculate the remainder when ((-10)/p)/(5/45) is divided by 4.
3
Let y(r) = 2*r**2 + 65*r + 12. Calculate the remainder when y(-33) is divided by 13.
6
Suppose 3*k + 3*n + 146 = 392, 0 = 4*n - 8. Calculate the remainder when k is divided by 28.
24
Let a = -20 - -48. Suppose 63*j = 122*j - 590. What is the remainder when a is divided by j?
8
Suppose -u + 3*m + 166 + 29 = 0, m + 1045 = 5*u. Let k = u - 107. Calculate the remainder when k is divided by 21.
19
Suppose -5 - 35 = 5*n. Suppose -54 = -4*c + 3*b - b, 5*c = -3*b + 62. Let d = c + n. Calculate the remainder when 9 is divided by d.
4
Suppose -50*n = -49*n - 18. What is the remainder when 115 is divided by n?
7
Let c = 2129 - 1852. What is the remainder when c is divided by 71?
64
Let w be (2 + (-2)/2)*0. Suppose -2*u + 0 + 8 = w, -3*i = 3*u - 42. Calculate the remainder when 26 is divided by i.
6
Let n = -945 + 1088. Calculate the remainder when n is divided by 8.
7
Calculate the remainder when 167 is divided by 112/6*(-279)/(-124).
41
Calculate the remainder when -2 + (-40)/(-18) - (-2912)/18 is divided by 19.
10
Let r(i) = 3*i**2 + 8*i - 34. Calculate the remainder when r(5) is divided by 22.
15
Suppose 4*l - 3*k - 69 = 2*k, 0 = -2*l + 3*k + 37. Let j(b) = b - 3. What is the remainder when 27 is divided by j(l)?
3
Let y(v) = v + 83. What is the remainder when 267 is divided by y(-29)?
51
Calculate the remainder when 111 is divided by ((-70)/(-6))/(354/36 - 9).
13
Let b(d) = 2*d**3 + 22*d**2 + 16*d + 7. What is the remainder when 370 is divided by b(-10)?
41
Let w = 425 + -159. What is the remainder when w is divided by 45?
41
Let g(v) = v**3 + 4*v**2 - 20*v + 13. Let i(m) = -m**3 + m**2 - m + 2. What is the remainder when g(-7) is divided by i(0)?
0
Suppose 4*b - r - 55 = 34, 3*r - 55 = -2*b. What is the remainder when b is divided by -12*(2 - (-5)/(-2))?
5
Let w be 10*3/(-12)*-2. Let q be 1467/18*(w + -1). Suppose -d = -5*l - 87, 0*l + q = 4*d + 2*l. What is the remainder when d is divided by 21?
19
Let x = 49 + 6. Let h(a) = a - 5. Let y be h(4). What is the remainder when 63 is divided by (22/x)/(y/(-55))?
19
Calculate the remainder when 51 is divided by 3/(12/(-16))*(-2 + -1).
3
Let u(v) = -24*v - 12. Let z be u(-4). Suppose 4*f = 3*g - 455, 0 = g + 2*f - 51 - z. What is the remainder when g is divided by 37?
34
Suppose 0 = 4*q + 4*j - 300, -4*q - 4*j = -7*q + 211. Let u = 78 - q. Calculate the remainder when u is divided by 3.
2
Suppose -11*s + 13*s - 10 = 0. Suppose -s*m + 415 = -d + 45, 10 = -2*d. Let h(v) = 39*v**2 - v. Calculate the remainder when m is divided by h(1).
35
Let q = -9 - -11. Let o(s) = 7*s**3 - 2*s + 6. What is the remainder when o(q) is divided by 20?
18
Suppose 25*o - 264 = -14. Calculate the remainder when 58 is divided by o.
8
Suppose 0 = 4*t - 3*m - 661, m = t - 83 - 81. Suppose -t = -7*y + 90. Calculate the remainder when 108 is divided by y.
34
Let n(l) = 282*l**3 - 2*l**2 + l. Let k be n(1). Suppose 4*y = k + 35. What is the remainder when y is divided by 16?
15
Let x(y) = -y**3 + 5*y**2 + 13*y + 2. Let g be x(7). What is the remainder when 31 is divided by (-78)/(-9) + g/(-15)?
4
Suppose -18*d = -258 + 690. Let c = d + 55. What is the remainder when 121 is divided by c?
28
What is the remainder when 62 is divided by 471/21 + 4 + (-31)/7?
18
Let t(c) = -14*c - 18. Calculate the remainder when 35 is divided by t(-2).
5
Let i(u) = -34*u - 12. Let x be i(-2). Let n = -45 + x. What is the remainder when 31 is divided by n?
9
Let f(o) = 3*o + 1. Let v be f(6). What is the remainder when (12 - v)*12/(-2) is divided by 15?
12
Let c = 663 - -147. Calculate the remainder when c is divided by 29.
27
Suppose -p - 8*h + 5*h = -24, 3*p + 2*h = 107. Calculate the remainder when 154 is divided by p.
37
Let c(p) = p**3 - 2*p - 1. Let k be c(-1). Let b(q) = 5*q + 2*q**2 - 1 - 3 + 2 + k*q. Calculate the remainder when b(-5) is divided by 12.
11
Let t(y) = -21*y - 6 + 23*y + 1. Let x be t(4). What is the remainder when 31 is divided by (51/x)/1 + 0?
14
Let z = -37 + 31. Let c = 3 + 6. Calculate the remainder when c is divided by (-1 - z/(-12))*(-8)/3.
1
Let q(x) be the third derivative of -x**6/120 + 7*x**5/60 + 11*x**4/24 - 2*x**3/3 - 8*x**2. Calculate the remainder when 37 is divided by q(8).
17
Let i = -620 - -889. What is the remainder when i is divided by 16?
13
Let j(r) = -r**3 - 4*r**2 + 10*r + 4. Let d be j(-7). What is the remainder when d/((-10)/(-4) + -1) is divided by 15?
9
Let c(q) = -q**2 - 10*q + 14. Let u be c(-11). Suppose 0 = -4*a + 5*s + 128, a - 66 = -a + u*s. Calculate the remainder when a is divided by 15.
12
Let f be 1*(16/10)/(4/10). Suppose 218 = 3*x - 10. Calculate the remainder when x is divided by f*(-3 - 38/(-4)).
24
Let q = -132 - -256. Calculate the remainder when 365 is divided by q.
117
Suppose -125*k + 129*k = 360. Calculate the remainder when k is divided by 23.
21
Let v(k) = -k**3 + 9*k**2 + 10*k + 32. Calculate the remainder when 150 is divided by v(10).
22
Let q(x) = x**3 + 2*x**2 + 4*x + 4. Let w be q(-3). Let r = w + 18. Calculate the remainder when 2 is divided by r.
0
Let s(o) = 9*o - 2. 